844.
211
Calculate the highest common factor of 13312 and 676.
52
What is the greatest common divisor of 21410 and 605?
5
What is the greatest common divisor of 3340 and 4480?
20
Calculate the highest common divisor of 1984 and 1443856.
496
What is the greatest common divisor of 67401 and 18?
9
Calculate the greatest common divisor of 312 and 6240.
312
What is the greatest common divisor of 309393 and 63?
63
Calculate the greatest common divisor of 9118252 and 858.
286
What is the highest common factor of 7966 and 337986?
1138
What is the highest common factor of 150 and 57075?
75
Calculate the greatest common factor of 253 and 376717.
253
What is the highest common divisor of 16104 and 2440?
488
Calculate the greatest common divisor of 9216 and 28.
4
Calculate the greatest common divisor of 34 and 34816.
34
What is the highest common divisor of 480702 and 1017?
339
Calculate the highest common divisor of 881250 and 125.
125
What is the greatest common divisor of 289120 and 60?
20
What is the greatest common divisor of 106250 and 1125?
125
What is the highest common divisor of 469056 and 9408?
1344
What is the greatest common divisor of 40950 and 4950?
450
What is the greatest common divisor of 1859 and 452309?
143
Calculate the greatest common divisor of 101925 and 1470.
15
What is the greatest common divisor of 12 and 156?
12
Calculate the greatest common divisor of 1158802 and 730.
146
Calculate the highest common divisor of 221 and 7259.
17
What is the greatest common divisor of 3210 and 234?
6
Calculate the greatest common divisor of 5977 and 30441.
139
Calculate the greatest common divisor of 107 and 31351.
107
What is the greatest common factor of 489371 and 23?
23
Calculate the highest common factor of 544 and 19872.
32
Calculate the highest common factor of 241 and 108209.
241
Calculate the greatest common divisor of 511775 and 25.
25
Calculate the highest common factor of 5248866 and 21.
21
What is the highest common factor of 18390 and 375?
15
What is the greatest common divisor of 1560 and 2529540?
780
What is the highest common divisor of 1765 and 4589?
353
What is the highest common divisor of 342002 and 813?
271
What is the greatest common factor of 2021 and 2491?
47
Calculate the highest common divisor of 198145 and 230.
115
What is the highest common divisor of 89655 and 8385?
645
What is the highest common factor of 25558 and 26?
26
Calculate the highest common divisor of 3021359 and 187.
187
What is the highest common divisor of 131264 and 14?
14
What is the highest common divisor of 3698 and 8858?
86
Calculate the highest common divisor of 580 and 4730.
10
What is the highest common divisor of 933645 and 335?
335
Calculate the greatest common divisor of 343 and 196.
49
What is the highest common divisor of 1155 and 2763?
3
Calculate the highest common factor of 27720 and 18810.
990
Calculate the greatest common divisor of 744 and 34512.
24
What is the greatest common factor of 135648 and 176?
16
What is the highest common factor of 2355 and 9645?
15
What is the highest common factor of 4991 and 1771?
161
Calculate the highest common divisor of 19600 and 764792.
392
What is the highest common factor of 240 and 23664?
48
Calculate the highest common divisor of 155 and 15395.
5
What is the highest common divisor of 28395 and 2205?
45
Calculate the greatest common divisor of 10 and 171365.
5
Calculate the highest common factor of 7016 and 158737.
877
Calculate the highest common factor of 37584 and 9558.
162
Calculate the greatest common factor of 3757 and 28288.
221
What is the greatest common divisor of 5926107 and 33?
33
Calculate the highest common factor of 1507 and 1199.
11
What is the greatest common factor of 2727 and 10403?
101
What is the highest common factor of 372 and 2436972?
372
Calculate the highest common divisor of 242752 and 48.
16
What is the greatest common divisor of 4 and 5166212?
4
Calculate the highest common divisor of 252092 and 2140.
428
Calculate the highest common divisor of 928 and 5936.
16
Calculate the highest common factor of 32 and 34208.
32
Calculate the highest common factor of 18512 and 169.
13
Calculate the highest common factor of 119 and 57579.
17
Calculate the highest common divisor of 19349 and 11.
11
What is the greatest common divisor of 8065 and 5?
5
Calculate the highest common factor of 336 and 101992.
8
What is the highest common divisor of 470893 and 699?
233
Calculate the greatest common divisor of 90756 and 78.
6
What is the greatest common factor of 125 and 1053825?
25
What is the greatest common factor of 90487 and 123?
41
What is the greatest common divisor of 270 and 2955?
15
What is the greatest common divisor of 134604 and 36?
36
What is the highest common factor of 180 and 154890?
90
What is the highest common divisor of 328196 and 44?
44
Calculate the greatest common divisor of 29907 and 126.
9
What is the highest common divisor of 434 and 406?
14
Calculate the highest common factor of 2096 and 69037.
131
Calculate the greatest common factor of 602 and 150844.
86
What is the greatest common factor of 197654 and 2?
2
Calculate the highest common factor of 14964 and 43848.
348
Calculate the greatest common factor of 45 and 605385.
45
Calculate the highest common factor of 241542 and 284.
142
Calculate the greatest common factor of 65016 and 2580.
516
What is the greatest common factor of 1714 and 10?
2
Calculate the highest common divisor of 812 and 348.
116
Calculate the highest common factor of 695230 and 370.
370
Calculate the highest common factor of 26 and 44180.
2
Calculate the highest common factor of 771099 and 146.
73
Calculate the greatest common factor of 311129 and 1001.
91
What is the greatest common factor of 2826 and 425470?
314
What is the greatest common factor of 1003350 and 30?
30
What is the highest common factor of 532 and 1014524?
532
What is the highest common divisor of 30 and 283190?
10
What is the highest common factor of 1897 and 27371?
271
Calculate the highest common factor of 147 and 593537.
49
Calculate the highest common factor of 2664 and 1863468.
1332
Calculate the highest common divisor of 878382 and 36.
18
What is the greatest common divisor of 4350 and 18618?
174
What is the greatest common divisor of 1315 and 265?
5
What is the highest common divisor of 416 and 2479984?
208
What is the greatest common divisor of 110 and 356785?
55
Calculate the greatest common divisor of 56964 and 60.
12
What is the greatest common factor of 7887 and 264?
33
What is the highest common factor of 8558627 and 287?
287
What is the greatest common divisor of 62006 and 688?
86
Calculate the greatest common divisor of 1309 and 218841.
119
Calculate the greatest common factor of 306418 and 301.
301
Calculate the highest common factor of 670373 and 22.
11
Calculate the highest common divisor of 239894 and 1926.
214
Calculate the highest common divisor of 132 and 142560.
132
What is the greatest common factor of 300 and 504?
12
Calculate the greatest common divisor of 103791 and 22667.
1193
Calculate the highest common factor of 24 and 13467.
3
Calculate the greatest common factor of 20627 and 1.
1
Calculate the highest common divisor of 205 and 253503.
41
What is the highest common factor of 6 and 263073?
3
What is the greatest common factor of 6358 and 56644?
578
What is the highest common factor of 4803 and 2?
1
Calculate the greatest common divisor of 1035 and 98055.
45
What is the greatest common divisor of 108657 and 153?
9
Calculate the highest common factor of 1488 and 102264.
24
Calculate the greatest common factor of 367 and 1474973.
367
What is the greatest common factor of 9 and 11979?
9
What is the highest common factor of 1457 and 11811?
31
Calculate the highest common factor of 5134017 and 73.
73
What is the highest common divisor of 206 and 123291?
103
Calculate the greatest common divisor of 232672 and 704.
352
What is the greatest common factor of 276 and 1149?
3
Calculate the greatest common divisor of 10887 and 6303.
573
Calculate the greatest common factor of 112380 and 510.
30
What is the greatest common divisor of 333675 and 225?
225
Calculate the highest common factor of 1311408 and 5040.
1008
Calculate the greatest common factor o